lculate (1 - 1 - -26) + 24 + 1 + 10 + -33.
28
What is 26 + 10 - (-4 + 76)?
-36
138 + -128 - (-31 - (-12 + 4))
33
Calculate 102 - 8 - (-1260 - -1314).
40
What is -39 - (-3 - (-4 + -4 - -6))?
-38
487 + -501 + (-1 - (11 - 1))
-25
(-11 + -1 + -88 + 87 - 12) + 12
-13
(14 - (7 - -14)) + -11 + -2
-20
What is the value of -80 - ((2 - 3 - 2) + 31 + -15 + -11)?
-82
What is (-71 - -46) + 74 - 52?
-3
Evaluate (7 + 3 - (53 + 3)) + 24 + -45 + 22.
-45
Calculate 40 - ((2 + 20 - 28) + -3).
49
Evaluate (-14 + -17 - -14) + 19 + -6 + (4 - -102).
102
What is -364 + 250 + (-9 - -35)?
-88
What is -45 + 1 + 80 + -53?
-17
What is the value of (-50 - (-71 - -1) - (2 + -1 + 11)) + -37?
-29
What is the value of (-2 - (35 + -3)) + -1123 + 1127?
-30
What is the value of -41 + 11 + -6 + 2 + -17 + 2 + 5?
-44
5 + (1 - 8) + (78 - 96)
-20
What is the value of -1 - -30 - (-9626 + 9644)?
11
What is the value of -1942 + 1890 - (4 + -10)?
-46
Evaluate (2 - -33) + (-148 - -143).
30
What is (34 + -19 - (17 + -4)) + -20?
-18
What is the value of -63 - -42 - (-2 + -148 - -28)?
101
What is the value of (-85 - (-136 + -6)) + 25?
82
Calculate 55 + 81 + -25 + -57.
54
15 + 7 + 57 + -22 + 0 + -11
46
What is 16 - 13 - (15 - -24)?
-36
-54 - (-112 + -8) - 70
-4
-5 + (-934 + 968 - (2 - 2 - 3))
32
Calculate -6 + 120 - 234 - -42.
-78
What is the value of (56 - 9) + (-1149 - -1215)?
113
Evaluate -12 + 1 + 11 + -27 + (119 - 63) - -13.
42
Calculate 6 + (20 - 8) - -8 - (-5 + 12).
19
-116 + 28 + -91 + 147
-32
What is the value of (-42 - (104 - 201)) + -89?
-34
What is the value of -12 + (5 + -2 - -9) + (-9 - 20)?
-29
What is the value of 29 + -11 - (-29 + -33 + 12)?
68
What is 27 - 56 - -12 - ((-2 - 2) + 5 + -8)?
-10
What is (-4135 - -4073) + 12 + (-4 - (1 + -3))?
-52
Calculate -37 + (53 - (-45 + 23)) - (0 + 2).
36
Evaluate 2 - 1 - (-6 - 0 - -3) - (2307 - 2293).
-10
What is the value of (-65 - -11) + 54 - 47?
-47
-106 + (-7 + 52 - (16 + 7))
-84
Evaluate -24 + (4 - (20 + -6) - (-3 - -6)).
-37
-20 - 16 - (6 + 1 - (-13 + 8))
-48
What is -90 + (-12 - (96 + -85))?
-113
What is the value of -6 + (8 - -13) + 16 + -17?
14
10 + 1 - (8 + -7 - (-5 - -3)) - 45
-37
What is 14 + 0 + (24 - (80 - -4))?
-46
Calculate (-11 - (-6 + 15)) + 6 + (16 - 9) - 88.
-95
What is the value of (52 - 34) + 22 + -22 + -59?
-41
-1 - -84 - (-196 - (-398 + 166))
47
75 + -85 + 54 + (-8 - -1)
37
(-65 - -138) + -145 - -66
-6
What is the value of 54 + -104 + (-12 - -21)?
-41
Evaluate 10622 + -10729 + 33 + 2.
-72
What is the value of -21 - (21 + -16 + -3 - 12)?
-11
18 + (9 + 10 - 22) + -1 + -76
-62
What is the value of (-39 - -36) + -47 + 19 - -14?
-17
(-8 + 23 - (4 + 29) - (-11 - 0)) + -57
-64
Evaluate 3 - ((68 - 3 - -4) + 7).
-73
-1 - -5 - ((2 + -6 - -5) + -362 + 363)
2
What is the value of -78 + 214 + -132 + 96?
100
-1 + 27 + (-781 - -746) - (36 + 0)
-45
What is the value of 97 - 74 - (-2 - -57)?
-32
Calculate ((-2 - 0) + 3 + -8 + 1 - -2) + -2.
-6
-25 + 68 + (-19 - -5) - (-3 - 12)
44
-3 + 7 + -20 + (-72 - -50)
-38
What is 298 + (-297 - 2) - (-1 - 72)?
72
What is the value of 1 - 109 - (-122 + 75 - -12)?
-73
What is 394 + -423 + 51 + -2?
20
2 + -2 - 3 - 10 - 16
-29
Evaluate (6 - (1 + 6 - 2)) + -63 - (53 + -60).
-55
What is the value of -34 - (189 - 108) - -51?
-64
Evaluate -52 + (14 - (14 + -9 + 17)) + -1.
-61
Calculate -9 + 16 - (-1 + 5 + (1 - -5)) - -61.
58
Calculate -21 + (21 - -18) - (-2 + 37).
-17
What is (69 + 16 - 53) + 7?
39
-234 - -199 - (3 - 21) - (-16 + 2)
-3
What is the value of (8 + -21 - -52 - 28) + -1?
10
Evaluate 1311 + -1285 + (-71 - 0).
-45
What is the value of 339 - 380 - (11 + -7)?
-45
Calculate (-2 + -1 + 9 - (14 + -33)) + 5.
30
Calculate (3 - (60 + 2)) + (1 + -8 - (-10 - -2)).
-58
What is 90 - -132 - -14 - 138?
98
What is (0 - 0) + -4 + (18 - (-2 + 0)) + 6?
22
Calculate -1 - ((19 - (1 + -9 - (133 - 140))) + -5).
-16
What is -50 - -66 - -8 - 8?
16
What is the value of 48 + 4 + (8 - 7) + (-32 - -19)?
40
Calculate -7 + ((13 - 7) + -14 - (-71 + -2)).
58
What is the value of (-13 + -7 + 10 - -19) + -7 - -82?
84
What is the value of -16 - -7 - 7 - (12 + -29)?
1
Evaluate -9 + 12 + (5 - -20 - 4 - -3).
27
(150 - 39 - -9) + -63
57
Evaluate -48 + -2 - (220 + -368).
98
-24 - (75 + -91) - ((-3 - 0) + 3)
-8
What is 16 + (3 - 12) + 3 - (-67 + 27)?
50
Evaluate (0 - ((18 - 30) + 20)) + -11 + -3.
-22
What is -95 + (-13 - (-35 - 22))?
-51
What is (666 - 699) + (-4 + -5 - (1 + -5))?
-38
Calculate 57 - (-59 + 84 + -14).
46
241 + -194 + (11 - (-8 + -8))
74
Calculate 14 + (15 - 2 - (-6 - (19 - 4))).
48
Calculate 98 + 51 + -139 - 26.
-16
Calculate 18 + -23 + (-9 + 7 - -8).
1
What is (7 - 8) + 5 + 17 - (214 + -203)?
10
What is the value of -4 + 1 + 4 + -127 + 138 + (2 - 13)?
1
What is the value of 4 + (0 - -23) + -466 + 479?
40
Calculate -9 + (9 - (1 + (-1 - 4 - -16))) - -29.
17
(125 - 112 - 20) + 1 + 16
10
(-1 + 22 - (-5 + 8)) + -10
8
Calculate 82 + -4 - (419 - 371).
30
What is 2 + -38 - (-37 + 130 - 144)?
15
Evaluate (40 - (-12 - -27) - -7) + -18 + 2.
16
(40 - 0) + 9631 + -9655
16
What is the value of (5 - 3) + 0 - (-47 + 120 + -31)?
-40
Evaluate -46 + (-18 - (45 - 87)).
-22
0 - (-91 + 92 - (-43 - 2))
-46
What is the value of -42 - (-31 - (41 + -18))?
12
What is the value of 66 + 45 + -126 - (-6 + 1)?
-10
Evaluate -94 + 124 - 94 - -124.
60
What is 79 + -12 - (30 - (46 + 1))?
84
-14 + (-8 - -9) - 1 - (-5 + 2) - 2
-13
-11900 + 11888 + 59 + 1 + -1
47
Evaluate (140 - 149) + -1 + -3 + -5 + 34.
16
What is (-3 - -13) + ((-14 - -37) + 18 - 18)?
33
70 + -40 + -38 - (-1 + 0 + -30 + 3)
20
-7 + -1 - (-82 - (0 + 4 - 15))
63
What is -7 - (565 + -624 + 1 + 1)?
50
What is the value of 13 + -15 + (10 - (-1 + 5)) + 2?
6
Calculate 4 + -6 + -5 + -3 + (18 - (-12 + 24)).
-4
Calculate -49 + -168 + 62 + 212.
57
What is the value of -45 + (2 - -5) + (-1 - (0 + 3 + 0))?
-42
Calculate 21 + -1 - (477 + -471) - 27.
-13
-36 + (-64 + 30 - -6)
-64
Calculate -64 + 94 - 3 - (-2 - -26).
3
What is the value of -7 - (17 + 10 + -35 - (-26 - -13))?
-12
What is -276 + 163 + 122 + 0 + 1 + -1 - 33?
-24
Evaluate (-56 - (-12 + -15 + 11) - 15) + 6.
-49
10 - (12 - 20 - -54)
-36
What is (-100 - (-26 + -19 - -31)) + -4?
-90
Evaluate 21 + 49 + -93 + 4 + (2 + -6 - 2).
-25
What is the value of 14 + 2 + (24 - 15) - (-3 + 4 - -1)?
23
Calculate -28 + (46 - 207) - -69.
-120
Evaluate 11 - (1 + (-9 - 4 - 12) + 9).
26
Calculate 68 + (15 - 31) - (-26 - (-1 - 9) - -9).
59
Evaluate (19 - 4 - 7) + 3 + 3 + -1 + 24.
37
What is the value of -28 + (247 - 54) + -113?
52
Evaluate -187 - (-135 + -3 - 5).
-44
What is the value of 94 - 1 - (13134 - 13074)?
33
What is (15 - 2 - 23) + 34 - 80?
-56
Calculate 71 - (59 + -27 - -1).
38
What is -73 + (-3 - -5) + -15 + -3 + 4 - -5?
-80
Evaluate (-1 - -1 - (1 + -77 - -73)) + (-118 - 5).
-120
What is the value of -108 - -158 - -40 - 42?
48
Calculate -2142 + 2158 - (1 + -27).
42
Evaluate (-25 - -2) + (-53 - (-53 + -16)).
-7
-5 + 0 - (-1 - (-8 + -10))
-22
5 - (-47 + 106 - (12 + 0 - 4))
-46
What is 9 + (-5 - 2) + -49 + -4?
-51
Calculate 15 + 6 + -47 + 11.
-15
What is the value of -4 + 0 - (8 - (-17 + 11) - (47 + 16))?
45
118 + -99 + -18 + 95
96
What is the value of 74 - ((-1 + 3 - -9) + (-38 - (-50 + 14)))?
65
4 + -3 + (-106 - (-35 + -15)) + -6
-61
Calculate -129 + 246 - 39 - -29.
107
(5324 - 5313) + (2 - 9)
4
Evaluate 6 + (-13 - (-21 + 4) - -27).
37
What is (-23 - (-61 - 10)) + -23?
25
-66 + (81 - 42) + 47 + 1
21
What is -3 + 1 - -44 - (-62 + 77 + -20)?
47
(-7 - (1 - (7 + 10))) + (325 - 324)
10
31 + -54 + (-10 - -28)
-5
What is -782 + 763 + (-1 - -1 - 49 - 3)?
-71
What is the value of 60 + 51 + -109 + -29?
-27
Evaluate (921 - 904) + (72 - 13).
76
What is the value of -18 + 2 + 20 + (-43 - -21) + 85?
67
Calculate (-9 - -12) + -27 + (14 - (10 + 9)) + 1.
-28
(18 - 9) + 2 + -20 - 2
-11
What is -8 - (16 + -26 + (1 - -7) - -28)?
-34
What is 13 - (-2 - -38 - 82)?
59
What is 31 - -8 - (-62 + 37)?
64
-33 + (-32 - -9) - (5 - 8 - -2)
-55
What is the value of -10 + -15 + 14 + 4?
-7
What is the value of ((-2 + 8 - -7) + -5 - 5) + (-82 - -16)?
-63
What is (1 - (4 + (-1 - 0))) + (-3 - (-11 + -13))?
19
What is the value of (-22 - (-19 - 62)) + -69?
-10
What is (8 - -23 - (4 - 0)) + -134 + 128?
21
What is -4 + -4 + (-14 + 27 - (7 + 6)) + -3?
-11
Evaluate -22 + 2 - (-106 - (-238 - -100